 base 5, what is 2120043 - -11034?
2131132
In base 4, what is 0 + -21020132330?
-21020132330
In base 11, what is 23462290 + -6?
23462285
In base 7, what is 215366434 + 3?
215366440
In base 3, what is -110 + 11120111101210?
11120111101100
In base 7, what is -30104313 - 12?
-30104325
In base 9, what is -148724 - -266?
-148447
In base 11, what is 3838029 - 5?
3838024
In base 7, what is -35064 + 12035?
-23026
In base 13, what is 28c91a4 + -3?
28c91a1
In base 12, what is 7050b3 - -38?
70512b
In base 2, what is -101 + 1001101111101101001001010?
1001101111101101001000101
In base 15, what is -30cbe7d - -10?
-30cbe6d
In base 14, what is 2629 - -2518?
4b43
In base 8, what is -75541 - -15023?
-60516
In base 11, what is -150993 - 1340?
-152223
In base 4, what is -3 - 2020320210031?
-2020320210100
In base 7, what is 12 + 604212561?
604212603
In base 2, what is 110110 + -1010000111000100000?
-1010000110111101010
In base 10, what is 7709 + -85?
7624
In base 11, what is -6329 - 416?
-6744
In base 12, what is 3432820 - -7?
3432827
In base 12, what is 27bb43 + 78a?
280711
In base 8, what is -15 + -3057736?
-3057753
In base 16, what is -15 - -29e0515?
29e0500
In base 15, what is 507d + -5602?
-574
In base 9, what is -37066 + -35?
-37112
In base 5, what is -240302 - 201120?
-441422
In base 16, what is 11f7d6 + 4?
11f7da
In base 7, what is 146162 - -13?
146205
In base 8, what is 11432 - -1451?
13103
In base 14, what is -d14249 + 16?
-d14233
In base 13, what is -c85985 - -5?
-c85980
In base 12, what is 5a2b + -3a3?
5648
In base 12, what is 9a6006 + 7?
9a6011
In base 6, what is 101342324 - 252?
101342032
In base 12, what is 21 - 180b87?
-180b66
In base 15, what is -39 - 1128d?
-112c7
In base 12, what is -91a99 + 182?
-91917
In base 13, what is 443 - 9b68?
-9725
In base 8, what is 6 + -566722653?
-566722645
In base 15, what is 894820 + -7?
894818
In base 12, what is -2 + 3239a7?
3239a5
In base 3, what is -2011202002021111221 + -2?
-2011202002021112000
In base 14, what is 25dc - 8c7?
1b15
In base 11, what is -1646 + 2966?
1320
In base 10, what is -2823 + -42921?
-45744
In base 3, what is 2 + 21020210021111212?
21020210021111221
In base 7, what is -2623 + 2461?
-132
In base 7, what is 44 - -644563?
644640
In base 11, what is -34 + -338592?
-338616
In base 16, what is -11b5 + -18c8?
-2a7d
In base 3, what is -1202021202212212022 - 0?
-1202021202212212022
In base 10, what is 5 - 239625306?
-239625301
In base 16, what is -1cc981c3 + 3?
-1cc981c0
In base 13, what is 2140794b + 2?
21407950
In base 7, what is 22561 - -11542?
34433
In base 14, what is -5d811 - -140?
-5d6b1
In base 10, what is -6913 - 1674?
-8587
In base 10, what is -7814393 + 8?
-7814385
In base 2, what is 10011011011 + -1010110000?
1000101011
In base 6, what is -3054331 + -100?
-3054431
In base 5, what is 441402423 + -1?
441402422
In base 12, what is 0 + 610b41a?
610b41a
In base 13, what is 75 + 239574?
239619
In base 14, what is 2 + -334b97c?
-334b97a
In base 4, what is 11 - -31231121121?
31231121132
In base 9, what is -134502645 + 0?
-134502645
In base 15, what is -2bc1 + 43?
-2b7d
In base 11, what is 5 - 1072551?
-1072547
In base 14, what is -30a22 + -7ba?
-313dc
In base 14, what is 6ac - 406c3?
-40015
In base 16, what is -49 + -ee25d?
-ee2a6
In base 9, what is 37177 + -808?
36268
In base 14, what is -2982 - -187d?
-1103
In base 14, what is c7c26b + 1b?
c7c288
In base 2, what is -1001101011000100 - 100111011110?
-1010010010100010
In base 7, what is 4 - -1253465102?
1253465106
In base 4, what is 12232 - 2023331?
-2011033
In base 14, what is -1314c0a + 0?
-1314c0a
In base 3, what is -2002011210 - -11120212?
-1220120221
In base 15, what is 5 - -d630ca8?
d630cad
In base 12, what is 1232a9 + 138?
123425
In base 12, what is -592 + 10215?
b843
In base 14, what is c5da62 + 8?
c5da6a
In base 9, what is 6271544 - 4?
6271540
In base 10, what is 450595863 + -5?
450595858
In base 13, what is -7ab8 + -6804?
-115bc
In base 9, what is 18174762 - -117?
18174880
In base 16, what is 8 + -32294e8?
-32294e0
In base 3, what is -21100221211101 - 20200?
-21100222002001
In base 16, what is -3 + -1060671?
-1060674
In base 15, what is -1b81a + 24a?
-1b5c0
In base 5, what is 0 + -121200320?
-121200320
In base 11, what is 4915959 + -13?
4915946
In base 8, what is 4 - 45126304?
-45126300
In base 16, what is df3 + -9dc?
417
In base 6, what is 1 + 1425045210?
1425045211
In base 6, what is 114005325 - 11?
114005314
In base 6, what is 1345 - -235314?
241103
In base 5, what is 1 + -2021102400?
-2021102344
In base 10, what is 73149205 - 6?
73149199
In base 16, what is -7d + -144e?
-14cb
In base 7, what is 1 - -6642401360?
6642401361
In base 6, what is 40114 + -53525?
-13411
In base 10, what is -4478 + 5732?
1254
In base 15, what is 1cc3 - -1419?
31dc
In base 15, what is e2ea86 - -5?
e2ea8b
In base 11, what is 24317 - 2239?
22089
In base 16, what is -417 - 12148?
-1255f
In base 10, what is -127532788 + -2?
-127532790
In base 9, what is -65451 - 13175?
-78636
In base 9, what is -806 - 712644?
-713551
In base 15, what is 9c + -53ed?
-5351
In base 16, what is -1895 - -28f?
-1606
In base 9, what is 1162488 + 627?
1163226
In base 8, what is -4361510 - 27?
-4361537
In base 11, what is -15224a501 - 3?
-15224a504
In base 13, what is a1b3947 + 2?
a1b3949
In base 11, what is 257aa0 + 26?
258016
In base 9, what is 3 + 26452336?
26452340
In base 12, what is -37a77 - -15b?
-37918
In base 9, what is -313 - 5471?
-5784
In base 14, what is 2a1c381 + 5?
2a1c386
In base 11, what is -6287750 - -a?
-6287741
In base 15, what is 5a + 57820?
5787a
In base 4, what is -212302202222 + -2222?
-212302211110
In base 6, what is -544 - 3430002?
-3430550
In base 4, what is -10231210 - 330303?
-11222113
In base 9, what is 8583286 + 38?
8583335
In base 13, what is -398b85 - 12?
-398b97
In base 4, what is -32322233232 + 1213?
-32322232013
In base 10, what is -318765 - -242?
-318523
In base 13, what is 901526 - -4?
90152a
In base 2, what is 1000111110 + 1100011101001110?
1100100110001100
In base 4, what is 2223111133020 + -11?
2223111133003
In base 7, what is -10223562422 + -2?
-10223562424
In base 15, what is 8671 - 1e?
8652
In base 11, what is -9611 - -62?
-955a
In base 14, what is 5 + 17bad9?
17bb00
In base 10, what is 1323840 - -12?
1323852
In base 9, what is -115060 - -4461?
-110488
In base 4, what is 2122320 + -2131122?
-2202
In base 5, what is 4 - 3230034102?
-3230034043
In base 13, what is -75b53 + c6a?
-74bb6
In base 2, what is 1 - 101111111100011001100101?
-101111111100011001100100
In base 6, what is 14344 + -15322?
-534
In base 3, what is -1001 + 100001101121202?
100001101120201
In base 6, what is -11 - 115533114?
-115533125
In base 8, what is 24764654 - 3?
24764651
In base 10, what is 3 - -425474279?
425474282
In base 6, what is -40552 - -140320?
55324
In base 4, what is 301003103 - 303?
301002200
In base 16, what is 51a93d - 2?
51a93b
In base 14, what is 0 + d78c1b3?
d78c1b3
In base 14, what is 848 - -4829d?
48b07
In base 11, what is 1819a7 - -11?
181a08
In base 4, what is -3120130303 - 103?
-3120131012
In base 11, what is 11401a809 + 5?
11401a813
In base 9, what is 22257714 + 155?
22257870
In base 11, what is 6 + 713109?
713114
In base 12, what is -2 + 36b9ab1?
36b9aab
In base 14, what is -8 + -6734bd3?
-6734bdb
In base 13, what is 91a + -1205?
-5b8
In base 7, what is -133023 - -2225?
-130465
In base 2, what is -1 + 10101010010101010000001?
10101010010101010000000
In base 8, what is -5445 + -1561?
-7226
In base 7, what is -26260 - 44366?
-103656
In base 3, what is 21102 + 1122022110101?
1122022201210
In base 14, what is 847 - -ab2?
1519
In base 15, what is 2c0eb483 + 0?
2c0eb483
In base 8, what is 1363 - -2547652?
2551235
In base 16, what is 110 + -303b?
-2f2b
In base 13, what is -a9a + -28c8?
-3695
In base 8, what is -622176 + 14?
-622162
In base 7, what is -106452 - -33120?
-43332
In base 7, what is 150453564 + -4?
150453560
In base 5, what is 14214010 + 10?
14214020
In base 2, what is 1000 + 11000111111001001001000?
11000111111001001010000
In base 11, what is -5858 - 13810?
-19568
In base 12, what is -9 - 523b298?
-523b2a5
In base 5, what is -330100 + -1440342?
-2320442
In base 10, what is -74745110 + 3?
-74745107
In base 2, what is -1011010110001110011111